 What is the greatest common divisor of z and 13?
13
Let g(s) = 6*s + 110 - 2*s - 3*s. Let v be g(0). What is the greatest common factor of v and 10?
10
Let k(w) = w**2 + 4*w - 8. Let n(r) = -r - 1. Let u(g) = -k(g) + n(g). Let q be u(-6). Let v be 1/q - -8*1. Calculate the greatest common factor of v and 3.
3
Let w(p) = -p + 14. Let o(x) = x**2 - 8*x - 2. Let a be o(9). Let u be w(a). Calculate the greatest common factor of u and 63.
7
Suppose -57 = -4*r + 159. Suppose r = -2*g - 3*n + 15, 0 = -5*g + 4*n - 132. Let c be (54/g)/(1/(-48)). What is the highest common divisor of 12 and c?
12
Let m be 114/8 + 3/4. Let w = -102 - -147. What is the highest common divisor of m and w?
15
Suppose -4*b + 66 = -2*b. Suppose -14 = -3*y + 5*p, 5*p + 2 = -3*y + 6. Let w be y + (-2 - -3 - -7). Calculate the highest common divisor of w and b.
11
Suppose j = 2*b - j - 106, -b - j + 57 = 0. Calculate the greatest common divisor of 11 and b.
11
Suppose 5*m = -3*t + 63, -t + 4*m + 0 = -4. Calculate the greatest common divisor of 80 and t.
16
Let z(b) = 2*b**2 + 4*b - 3. Let r be z(2). Let w be (r + 1)/((-2)/(-1)). Let s = 28 - 0. What is the greatest common divisor of s and w?
7
Suppose 3*j - 4 + 1 = 0, 0 = -3*t - 5*j + 14. Suppose -c + l = -16 - 8, -t*c - 2*l = -92. What is the greatest common factor of c and 14?
14
Suppose 0 = -5*v - 45 - 20. Let o = v + 15. What is the greatest common divisor of 8 and o?
2
Let x = 28 - 26. Suppose y - 4*y = -6. Let n be x/y*2*3. What is the greatest common factor of n and 30?
6
Suppose -23 = 4*t + 1. Let o be ((-3)/t)/(1/2). What is the highest common factor of o and 9?
1
Let a = -36 + 56. Let v(q) = q**2 + 17*q + 2. Let j be v(-18). What is the highest common divisor of j and a?
20
Let k = 0 - 8. Let l be 16/6*(-12)/k. What is the highest common divisor of 2 and l?
2
Suppose -5*y = -85 - 35. Calculate the greatest common factor of 16 and y.
8
Suppose -650 = -3*u - 10*u. Calculate the highest common factor of u and 10.
10
Let i be ((-29)/(-4))/(8/(-32)). Let z = i + 40. Calculate the highest common factor of 121 and z.
11
Let j be 4 + (-2 - 0 - -1). Suppose 0 = -j*c - 7 + 28. What is the highest common divisor of c and 28?
7
Let a = -3 - -15. Calculate the highest common divisor of 108 and a.
12
Let g be ((-288)/(-20))/((-8)/(-60)). Calculate the greatest common divisor of g and 27.
27
Let f be 4/(-10) - 6/10 - -14. What is the greatest common factor of f and 1?
1
Let i = 6 + -4. Suppose 6 = 2*j + i. Suppose -j*l + 162 = 36. What is the highest common divisor of 9 and l?
9
Let c = -6 - -5. Let p be (1/(c/2))/(-2). Let u be (p - (-3)/(-5))*5. What is the highest common factor of 2 and u?
2
Suppose -3*u + 1 + 17 = 0. Suppose -u*t + 2*t + 12 = 0. Calculate the greatest common divisor of 27 and t.
3
Let w = 4 - 4. Suppose -c + 55 = -w*c. Suppose 2*b - b + 3*g - 5 = 0, 4*b - 20 = -4*g. Calculate the highest common divisor of c and b.
5
Let j(x) = -1 + 2 + x**2 - 4 + 8*x. Let s(k) = 4*k - 2. Let f(u) = 2*j(u) - 5*s(u). Let l be f(3). What is the highest common divisor of 30 and l?
10
Let j = 3 + -1. Calculate the highest common divisor of 6 and j.
2
Let a = -33 - -37. What is the highest common divisor of 28 and a?
4
Suppose 3 = 2*i + i. Let x(d) = 6*d**2 - 2*d + 1. Let k be x(i). Suppose k = o + 1. What is the highest common factor of 20 and o?
4
Let d be ((-1)/1)/((-5)/15). Suppose -3 = -d*y - 0*y, 3*j = y + 116. Calculate the highest common factor of 13 and j.
13
Let o = 27 + -15. Suppose 4*j + q - 3*q - 230 = 0, -3*j = 4*q - 189. Let x = 49 + j. Calculate the greatest common factor of o and x.
12
Let m = -60 - -69. Calculate the highest common divisor of 9 and m.
9
Let j be ((-136)/4)/((-5)/25). What is the highest common divisor of 34 and j?
34
Let z be (4/(-3))/(10/(-225)). What is the highest common factor of 270 and z?
30
Let i(j) = -j**3 - 2*j**2 + 2*j - 3. Let u be i(-3). Let o be u + (0 - 2) + 16. Let m = -6 - -13. What is the greatest common factor of m and o?
7
Let v(q) be the second derivative of -q**5/20 - 2*q**4/3 + 7*q**3/6 - q. Let r be v(-9). Calculate the highest common divisor of 45 and r.
9
Suppose 17*h - 108 = 5*h. Suppose 0 = 5*a - 4*y + 3, 4*y - 7 = a - 0. Calculate the greatest common divisor of h and a.
1
Let f(q) = q**3 - 4*q**2 + 8*q - 5. Let s be f(3). Let r = -3 - -1. Let p(x) = -25*x. Let g be p(r). What is the greatest common divisor of s and g?
10
Suppose -10 - 15 = -5*y. Suppose -y*b + 13 = -7. Calculate the greatest common divisor of b and 20.
4
Suppose 6*q - 3*q = 2*s + 89, 4*s - 65 = -3*q. What is the greatest common factor of q and 3?
3
Suppose 4*r + 3*d + 5 + 6 = 0, 0 = 3*r + 2*d + 7. What is the highest common factor of 8 and r?
1
Let b = -10 - -14. Let q = b - 4. Suppose -2*k - 2*k + 8 = q, 5*k - 40 = -c. What is the greatest common factor of c and 6?
6
Let i be (-8)/((-1)/6*-4). Let j = i + 17. Calculate the highest common divisor of 5 and j.
5
Suppose -i = 4*i. Suppose w - 3 - 1 = x, -4*w + 3*x + 13 = i. Suppose -4 = -g - w. What is the greatest common divisor of g and 27?
3
Suppose 191 = 2*g + 23. Suppose g = u - 0*u. Let j be ((-1)/2)/((-6)/u). Calculate the highest common factor of j and 14.
7
Let g(r) = r - 3. Let t be g(9). Suppose -k = 22 - t. Let v = -9 - k. Calculate the greatest common divisor of 14 and v.
7
Let t(u) be the second derivative of u**4/4 - u**3/2 - 3*u**2/2 + 5*u. Let j be t(-2). What is the highest common divisor of 6 and j?
3
Let o = 8 - 5. Suppose 5*a = -3*i + 51, -3*i + 2*a = -o*a - 21. What is the highest common factor of i and 48?
12
Suppose -22 = -4*o + 6. Calculate the greatest common divisor of 77 and o.
7
Suppose 29 + 34 = 7*y. Suppose -2*w + 300 = -6*w. Let r be ((-3)/(-5))/((-5)/w). What is the greatest common factor of y and r?
9
Let v = -167 - -287. Let s = 5 - -10. What is the highest common divisor of v and s?
15
Let i(k) = k**3 - 7*k - 2. Suppose n + 17 = 42. Suppose -5*y - n = -b - 0*y, 4*b + 5*y = 0. Let m be i(b). Calculate the greatest common divisor of 11 and m.
11
Let i = 35 - 22. Let l(u) = 8*u**2 - 15*u + 9. Let c(s) = -s**2 + s. Let d(g) = 6*c(g) + l(g). Let p be d(8). What is the highest common divisor of i and p?
13
Suppose -3*d = -4*r - 6*d + 72, -90 = -5*r - 4*d. Calculate the highest common divisor of 72 and r.
18
Let b = 12 - 5. Let a be ((-20)/6 + 2)*(-630)/60. What is the highest common divisor of b and a?
7
Let u be (-2)/8 - (-5)/20. Let k be (-3 + (10 - u))*36. Calculate the greatest common factor of k and 28.
28
Let h be (-26)/(-4) - 4/8. Let i = h - -2. Calculate the greatest common divisor of i and 4.
4
Let o = 41 + -23. Let g = o + -13. Suppose -u - y = 2*u - 14, 2*y - 25 = -g*u. What is the greatest common factor of 33 and u?
3
Let u(o) = -o + 3. Suppose -4*b = -5*j - 21, 2*b + 6 = -j + b. Let a be u(j). Calculate the highest common divisor of 72 and a.
8
Let y(k) = -k**3 - 14*k**2 + 12*k - 9. Let b be y(-15). Let t(w) = 2*w - 3. Let c be t(6). Calculate the greatest common factor of b and c.
9
Let y = -12 + 12. Suppose y = 4*x - 5*x + 2*p + 8, 0 = -2*p - 6. Calculate the highest common divisor of x and 14.
2
Let y be (1 - -25)/((-5)/(-5)). Let v be 1 + 2 - (1 - 63). Calculate the highest common divisor of y and v.
13
Let u = -44 + 65. Calculate the greatest common divisor of 7 and u.
7
Suppose r + 0*r = 25. Suppose 0 = -10*w + 9*w + r. What is the greatest common divisor of w and 50?
25
Suppose 0 = -g + 4*g + 3*o - 39, -4*g - 5*o + 51 = 0. Let m(v) = -v**2 - 7*v + 4. Let j be m(-5). What is the highest common divisor of g and j?
14
Let m be 2 + 1/(3/(-6)). Let g(k) = -k**3 - k**2 + k - 50. Let q be g(m). Let t = 74 + q. What is the highest common divisor of 12 and t?
12
Let q be 89 + (4/(-4) - -2). What is the highest common factor of 10 and q?
10
Let i(r) = -3*r**2 - 23*r - 9. Let c be i(-7). Let u be 3/(-1)*4/(-6). Calculate the greatest common factor of u and c.
1
Suppose 0 = -4*j + 2*j - 2*n, 3*j - n = 0. Suppose -5*g + 173 + 77 = j. What is the greatest common factor of 10 and g?
10
Let h(g) = -51*g**3. Let z be h(1). Let x = -28 - z. Suppose 0 = 3*i - 5*b - 0 - x, 5*b = 5*i - 55. Calculate the greatest common divisor of i and 4.
4
Let w = 14 + -11. Suppose w*p = 4*a - 207, -5*p - 26 = -a + 47. Calculate the highest